, 5, 17
What are the prime factors of 108027?
3, 4001
What are the prime factors of 6640?
2, 5, 83
List the prime factors of 1384.
2, 173
What are the prime factors of 19575?
3, 5, 29
List the prime factors of 17558.
2, 8779
List the prime factors of 29369.
43, 683
What are the prime factors of 3637?
3637
What are the prime factors of 30561?
3, 61, 167
What are the prime factors of 27522?
2, 3, 11, 139
List the prime factors of 265.
5, 53
What are the prime factors of 1909?
23, 83
List the prime factors of 45098.
2, 22549
List the prime factors of 1032.
2, 3, 43
What are the prime factors of 2529?
3, 281
What are the prime factors of 691?
691
List the prime factors of 16983.
3, 17, 37
What are the prime factors of 731?
17, 43
List the prime factors of 37611.
3, 7, 199
What are the prime factors of 45709?
43, 1063
List the prime factors of 22798.
2, 11399
List the prime factors of 14.
2, 7
List the prime factors of 1675.
5, 67
List the prime factors of 22315.
5, 4463
List the prime factors of 790.
2, 5, 79
List the prime factors of 4213.
11, 383
List the prime factors of 11378.
2, 5689
List the prime factors of 29686.
2, 14843
What are the prime factors of 6885?
3, 5, 17
List the prime factors of 2974.
2, 1487
What are the prime factors of 5294?
2, 2647
List the prime factors of 26668.
2, 59, 113
What are the prime factors of 98?
2, 7
What are the prime factors of 2345?
5, 7, 67
List the prime factors of 34587.
3, 7, 61
What are the prime factors of 8231?
8231
List the prime factors of 4172.
2, 7, 149
List the prime factors of 6922.
2, 3461
What are the prime factors of 70364?
2, 7, 359
What are the prime factors of 1111?
11, 101
List the prime factors of 17126.
2, 8563
List the prime factors of 181.
181
List the prime factors of 5343.
3, 13, 137
List the prime factors of 37005.
3, 5, 2467
What are the prime factors of 3630?
2, 3, 5, 11
What are the prime factors of 151818?
2, 3, 25303
List the prime factors of 38181.
3, 11, 13, 89
List the prime factors of 17358.
2, 3, 11, 263
What are the prime factors of 98352?
2, 3, 683
List the prime factors of 16889.
16889
List the prime factors of 93444.
2, 3, 13, 599
List the prime factors of 5815.
5, 1163
List the prime factors of 31985.
5, 6397
What are the prime factors of 1951?
1951
What are the prime factors of 4177?
4177
What are the prime factors of 536?
2, 67
What are the prime factors of 571?
571
List the prime factors of 4330.
2, 5, 433
What are the prime factors of 120648?
2, 3, 11, 457
What are the prime factors of 17257?
17257
List the prime factors of 417.
3, 139
List the prime factors of 57912.
2, 3, 19, 127
What are the prime factors of 14317?
103, 139
What are the prime factors of 1724?
2, 431
What are the prime factors of 3657?
3, 23, 53
What are the prime factors of 47534?
2, 23767
What are the prime factors of 12352?
2, 193
List the prime factors of 769.
769
List the prime factors of 32599.
7, 4657
List the prime factors of 12268.
2, 3067
List the prime factors of 1555.
5, 311
What are the prime factors of 167484?
2, 3, 17, 821
List the prime factors of 6250.
2, 5
What are the prime factors of 3032?
2, 379
List the prime factors of 1743.
3, 7, 83
List the prime factors of 2663.
2663
List the prime factors of 2536.
2, 317
What are the prime factors of 433?
433
List the prime factors of 1794.
2, 3, 13, 23
What are the prime factors of 29092?
2, 7, 1039
List the prime factors of 19570.
2, 5, 19, 103
List the prime factors of 2898.
2, 3, 7, 23
List the prime factors of 14280.
2, 3, 5, 7, 17
List the prime factors of 2556.
2, 3, 71
What are the prime factors of 942?
2, 3, 157
What are the prime factors of 99699?
3, 167, 199
What are the prime factors of 19023?
3, 17, 373
What are the prime factors of 5497?
23, 239
What are the prime factors of 4470?
2, 3, 5, 149
What are the prime factors of 123?
3, 41
What are the prime factors of 1480?
2, 5, 37
List the prime factors of 3481.
59
What are the prime factors of 1815?
3, 5, 11
List the prime factors of 35946.
2, 3, 1997
What are the prime factors of 89249?
31, 2879
What are the prime factors of 9646?
2, 7, 13, 53
List the prime factors of 481.
13, 37
What are the prime factors of 20571?
3, 6857
List the prime factors of 101648.
2, 6353
List the prime factors of 352.
2, 11
What are the prime factors of 2379?
3, 13, 61
What are the prime factors of 1175?
5, 47
What are the prime factors of 1332?
2, 3, 37
List the prime factors of 134.
2, 67
What are the prime factors of 40857?
3, 13619
List the prime factors of 1915.
5, 383
What are the prime factors of 22056?
2, 3, 919
List the prime factors of 852.
2, 3, 71
What are the prime factors of 23239?
17, 1367
List the prime factors of 3411.
3, 379
What are the prime factors of 361?
19
List the prime factors of 49129.
73, 673
List the prime factors of 3823.
3823
What are the prime factors of 7780?
2, 5, 389
What are the prime factors of 6360?
2, 3, 5, 53
List the prime factors of 2341.
2341
List the prime factors of 1617.
3, 7, 11
List the prime factors of 8375.
5, 67
What are the prime factors of 1274?
2, 7, 13
What are the prime factors of 5932?
2, 1483
List the prime factors of 49.
7
What are the prime factors of 9842?
2, 7, 19, 37
What are the prime factors of 5657?
5657
What are the prime factors of 88040?
2, 5, 31, 71
What are the prime factors of 66609?
3, 2467
List the prime factors of 185.
5, 37
List the prime factors of 60860.
2, 5, 17, 179
List the prime factors of 789.
3, 263
List the prime factors of 86.
2, 43
List the prime factors of 19251.
3, 23, 31
What are the prime factors of 12537?
3, 7, 199
List the prime factors of 98.
2, 7
What are the prime factors of 37481?
37, 1013
List the prime factors of 310.
2, 5, 31
List the prime factors of 660.
2, 3, 5, 11
List the prime factors of 6256.
2, 17, 23
What are the prime factors of 1110?
2, 3, 5, 37
List the prime factors of 13435.
5, 2687
What are the prime factors of 37094?
2, 17, 1091
List the prime factors of 22128.
2, 3, 461
What are the prime factors of 47?
47
What are the prime factors of 9671?
19, 509
What are the prime factors of 16058?
2, 7, 31, 37
List the prime factors of 1773.
3, 197
What are the prime factors of 3851?
3851
List the prime factors of 6256.
2, 17, 23
What are the prime factors of 4414?
2, 2207
List the prime factors of 3363.
3, 19, 59
What are the prime factors of 1757?
7, 251
What are the prime factors of 782?
2, 17, 23
List the prime factors of 663.
3, 13, 17
List the prime factors of 832.
2, 13
What are the prime factors of 7224?
2, 3, 7, 43
List the prime factors of 55807.
55807
What are the prime factors of 315?
3, 5, 7
What are the prime factors of 1502?
2, 751
List the prime factors of 1956.
2, 3, 163
List the prime factors of 3759.
3, 7, 179
List the prime factors of 1682.
2, 29
List the prime factors of 7041.
3, 2347
What are the prime factors of 133736?
2, 73, 229
List the prime factors of 1508.
2, 13, 29
List the prime factors of 1233.
3, 137
List the prime factors of 1168.
2, 73
What are the prime factors of 31032?
2, 3, 431
List the prime factors of 56855.
5, 83, 137
List the prime factors of 42957.
3, 37, 43
What are the prime factors of 1756?
2, 439
List the prime factors of 74426.
2, 11, 17, 199
What are the prime factors of 2859?
3, 953
List the prime factors of 2218.
2, 1109
What are the prime factors of 3549?
3, 7, 13
What are the prime factors of 1062?
2, 3, 59
What are the prime factors of 69585?
3, 5, 4639
List the prime factors of 28.
2, 7
What are the prime factors of 2123?
11, 193
What are the prime factors of 14548?
2, 3637
What are the prime factors of 72912?
2, 3, 7, 31
What are the prime factors of 16686?
2, 3, 103
List the prime factors of 17314.
2, 11, 787
List the prime factors of 1280.
2, 5
List the prime factors of 285.
3, 5, 19
What are the prime factors of 6821?
19, 359
List the prime factors of 8191.
8191
List the prime factors of 6441.
3, 19, 113
List the prime factors of 1158.
2, 3, 193
List the prime factors of 33804.
2, 3, 313
What are the prime factors of 3583?
3583
List the prime factors of 12483.
3, 19, 73
List the prime factors of 575.
5, 23
What are the prime factors of 19379?
19379
What are the prime factors of 6103?
17, 359
List the prime factors of 11822.
2